5?
True
Does 7 divide 480916?
False
Is 34 a factor of 184314?
True
Does 22 divide 2862332?
True
Is 164 a factor of 199260?
True
Is 4997030 a multiple of 215?
True
Is 164313 a multiple of 3?
True
Does 6 divide 11856?
True
Is 19626556 a multiple of 65?
False
Does 2 divide 4346592?
True
Is 643405 a multiple of 31?
True
Does 717 divide 699914?
False
Does 6 divide 180402?
True
Is 981076 even?
True
Is 273968 a multiple of 11?
False
Is 27583160 a multiple of 695?
True
Is 4997268 a multiple of 54?
True
Is 4235607 a multiple of 9?
True
Does 6 divide 59808?
True
Does 129 divide 8548437?
False
Is 71 a factor of 3370654?
True
Does 306 divide 9959994?
True
Does 163 divide 176676?
False
Does 262 divide 102786?
False
Is 10 a factor of 145278?
False
Does 43 divide 829857?
True
Does 161 divide 1167038?
False
Is 6343917 a multiple of 6?
False
Is 503 a factor of 16844717?
False
Is 27 a factor of 2558250?
True
Does 161 divide 117530?
True
Is 13274898 a multiple of 42?
True
Is 407 a factor of 764228?
False
Is 872 a factor of 33136?
True
Does 52 divide 956696?
True
Does 49 divide 1146090?
False
Does 7 divide 4692?
False
Is 341 a factor of 17987068?
True
Does 10 divide 81120?
True
Is 51 a factor of 175856?
False
Does 26 divide 303186?
True
Does 42 divide 16848?
False
Is 143146 a multiple of 19?
True
Is 38 a factor of 20903572?
True
Is 489 a factor of 468462?
True
Is 32 a factor of 94336?
True
Does 96 divide 967853?
False
Does 530 divide 1001629?
False
Does 20 divide 23985?
False
Is 111 a factor of 37074?
True
Does 19 divide 73454?
True
Is 29 a factor of 972754?
False
Is 1794778 a multiple of 38?
True
Does 123 divide 1688130?
False
Is 328468 a multiple of 27?
False
Does 160 divide 10856640?
True
Is 175623 a multiple of 90?
False
Does 1419 divide 11041239?
True
Is 17 a factor of 434622?
True
Does 7 divide 8107842?
False
Does 253 divide 1056781?
True
Is 183549 a multiple of 61?
True
Is 9 a factor of 2555487?
True
Does 58 divide 1152515?
False
Does 243 divide 215541?
True
Is 2 a factor of 26352?
True
Is 12 a factor of 28438221?
False
Does 12 divide 5129748?
True
Does 445 divide 7397235?
True
Is 13 a factor of 1642051?
False
Is 230 a factor of 1520?
False
Is 592167 a multiple of 17?
False
Does 12 divide 12254907?
False
Is 109130 a multiple of 10?
True
Is 89799 a multiple of 55?
False
Is 2106 a factor of 1863810?
True
Is 1609404 a multiple of 86?
True
Is 287 a factor of 2399033?
True
Is 883 a factor of 1189672?
False
Is 37 a factor of 1966920?
True
Does 66 divide 1399728?
True
Does 443 divide 15989844?
False
Is 28255 a multiple of 41?
False
Does 13 divide 1385210?
False
Is 144 a factor of 882864?
True
Does 3 divide 3280?
False
Does 172 divide 278124?
True
Is 84040 a multiple of 40?
True
Is 70 a factor of 66430?
True
Does 575 divide 12723054?
False
Does 15 divide 181755?
True
Is 19 a factor of 118858?
False
Is 25 a factor of 999543?
False
Is 436180 a multiple of 462?
False
Does 521 divide 2238216?
True
Is 4615702 a multiple of 13?
True
Is 46 a factor of 1382794?
False
Does 801 divide 984892?
False
Is 67284 a multiple of 36?
True
Is 22 a factor of 29471?
False
Is 94 a factor of 364156?
True
Is 19 a factor of 3184457?
True
Does 136 divide 22095?
False
Does 12 divide 3534960?
True
Does 34 divide 482698?
True
Is 212 a factor of 89831?
False
Is 306 a factor of 680238?
True
Does 57 divide 162963?
True
Is 264084 a multiple of 29?
False
Is 8 a factor of 125434?
False
Is 106 a factor of 82150?
True
Is 8340012 a multiple of 342?
True
Is 837970 a multiple of 3?
False
Is 1384335 a multiple of 53?
False
Does 7 divide 400365?
True
Does 2 divide 41584?
True
Does 44 divide 288344?
False
Is 11271228 a multiple of 492?
True
Is 8 a factor of 24951?
False
Does 12 divide 23100?
True
Is 174519 a multiple of 23?
False
Is 210 a factor of 2439731?
False
Is 382164 a multiple of 54?
False
Does 39 divide 43135?
False
Is 134094 a multiple of 122?
False
Is 21 a factor of 2068?
False
Is 2506977 a multiple of 297?
True
Does 18 divide 569344?
False
Is 7 a factor of 338740?
False
Is 238 a factor of 18357646?
False
Is 45 a factor of 458100?
True
Does 4 divide 887920?
True
Is 2181378 a multiple of 3?
True
Does 8 divide 143788?
False
Does 47 divide 945217?
True
Is 26670 a multiple of 90?
False
Is 8 a factor of 324720?
True
Does 10 divide 958200?
True
Does 1132 divide 1974208?
True
Is 1813623 a multiple of 21?
True
Is 39848 a multiple of 68?
True
Does 3 divide 83616?
True
Is 362 a factor of 3108494?
True
Does 83 divide 1452749?
True
Does 15 divide 136245?
True
Does 120 divide 352055?
False
Does 7 divide 2391709?
False
Does 58 divide 4320072?
True
Does 26 divide 10452624?
True
Is 17 a factor of 2823037?
True
Does 12 divide 68616?
True
Is 224 a factor of 11984000?
True
Does 360 divide 743714?
False
Is 7 a factor of 1512924?
True
Does 18 divide 877914?
True
Is 35 a factor of 73242?
False
Is 183644 a multiple of 355?
False
Is 23 a factor of 2356305?
False
Is 3488426 a multiple of 34?
False
Is 5882525 a multiple of 2969?
False
Is 19 a factor of 2158526?
False
Is 34532 a multiple of 92?
False
Does 32 divide 414569?
False
Does 494 divide 459786?
False
Is 22 a factor of 75625?
False
Is 310926 a multiple of 33?
True
Is 4293624 a multiple of 232?
True
Is 2002612 a multiple of 642?
False
Is 7 a factor of 186067?
True
Does 48 divide 156480?
True
Is 1164800 a multiple of 1003?
False
Does 321 divide 398361?
True
Is 49 a factor of 103341?
True
Is 60 a factor of 229361?
False
Does 13 divide 2681834?
False
Does 17 divide 4105415?
True
Does 65 divide 63700?
True
Does 33 divide 862026?
True
Is 504 a factor of 6807992?
False
Does 36 divide 325105?
False
Does 2 divide 298708?
True
Is 266490 a multiple of 15?
True
Is 2508 a multiple of 38?
True
Does 818 divide 1434772?
True
Does 10 divide 310312?
False
Is 5 a factor of 3611015?
True
Does 340 divide 1603440?
True
Is 69028 a multiple of 5?
False
Does 123 divide 11483437?
False
Does 205 divide 286385?
True
Does 232 divide 194404?
False
Is 35 a factor of 3594?
False
Is 4178548 a multiple of 1012?
True
Is 5334434 a multiple of 14?
True
Does 12 divide 1143594?
False
Is 33 a factor of 36366?
True
Is 30 a factor of 22080?
True
Is 18 a factor of 762282?
True
Is 42 a factor of 11418666?
True
Does 9 divide 2881381?
False
Is 266692 a multiple of 597?
False
Is 8842007 a multiple of 300?
False
Is 916 a factor of 5833182?
False
Is 330609 a multiple of 157?
False
Is 94 a factor of 78772?
True
Does 3 divide 151378?
False
Does 2 divide 5231765?
False
Is 29 a factor of 59649?
False
Is 507 a factor of 1131590?
False
Does 501 divide 30561?
True
Does 579 divide 3613539?
True
Is 12587 a multiple of 205?
False
Is 2537253 a multiple of 36?
False
Is 566671 a multiple of 7?
True
Does 2 divide 12606?
True
Does 87 divide 15486?
True
Is 2537215 a multiple of 91?
False
Is 519540 a multiple of 20?
True
Does 281 divide 1880452?
True
Does 7 divide 22959022?
False
Does 6 divide 756180?
True
Does 21 divide 138532?
False
Is 2443 a multiple of 7?
True
Is 2621009 a multiple of 57?
False
Is 6463060 a multiple of 10?
True
Is 220 a factor of 8387108?
False
Is 341275 a multiple of 98?
False
Is 16 a factor of 52128?
True
Is 369550 a multiple of 25?
True
Does 9 divide 58248?
True
Is 91274 a multiple of 46?
False
Is 116 a factor of 36424?
True
Is 367541 a multiple of 43?
False
Is 648948 a multiple of 12?
True
Does 13 divide 8028423?
True
Does 4 divide 81737?
False
Is 3268875 a multiple of 25?
True
Is 18 a factor of 16786715?
False
Does 125 divide 8523875?
True
Is 67 a factor of 264449?
True
Does 11 divide 10423006?
True
Is 12198285 a multiple of 231?
False
Is 73 a factor of 157242?
True
Is 94 a factor of 5124786?
True
Does 56 divide 217590?
False
Is 15 a factor of 387990?
True
Is 391 a factor of 3999984?
False
Does 2325 divide 20434755?
False
Does 7 divide 262430?
True
Is 39 a factor of 54619?
False
Is 410697 a multiple of 7?
True
Is 35 a factor of 264654?
False
Does 12 divide 447631?
False
Is 814520 a multiple of 549?
False
Does 12 divide 347856?
True
Is 1227325 a multiple of 34?
False
Does 1301 divide 12131825?
True
Does 26 divide 6970?
False
Does 799 divide 12962976?
True
Is 11 a factor of 44396?
True
Is 267 a factor of 698519?
False
Is 279 a factor of 203581?
False
Is 5353514 a multiple of 1093?
True
Is 6428400 a mult